digit of s?
9
Let f(s) be the third derivative of s**5/120 - s**4/6 - s**3/3 - s**2. Let u(j) be the first derivative of f(j). What is the units digit of u(10)?
6
Let t(q) = q**2 + 2*q + 12. Let d(a) = a**2 + 2*a + 11. Let p(n) = 6*d(n) - 5*t(n). What is the tens digit of p(-5)?
2
Let j(b) be the first derivative of b**2 - 4*b + 3. Let c be j(3). What is the units digit of ((-2)/c - 7)*-1?
8
Let b(c) = -c**2 + 2*c - 2. Let t be b(3). What is the units digit of (t + 3 + -2)*-1?
4
Suppose 0*t - 2*t + 40 = 0. Suppose 2*o - t = o. Suppose 13 = 3*f - o. What is the units digit of f?
1
Let o = 11 + -8. Suppose -q = -o*q + 18. What is the units digit of q?
9
Suppose -2*u = -2*g + 3 - 15, 3*g - u + 20 = 0. Let t(p) = p**3 + 8*p**2 + 7*p - 9. Let s be t(g). Let f = 20 + s. What is the units digit of f?
1
Let k(l) = l**3 - 3*l**2 + l + 1. Suppose 18 + 7 = 5*b, 0 = v - 4*b + 17. What is the units digit of k(v)?
4
Let x be 2/((16/10)/4). Suppose -4*k = -2*y + 5 + 9, 12 = -3*y - x*k. What is the units digit of 1*((-6)/(-3) - y)?
1
Let r = 19 + 67. What is the tens digit of (-9 - -11)*r/4?
4
Let y(t) = 7*t**2 - 3*t - 4. Let b be y(-2). Suppose 0 = -5*a + 3*a + b. What is the units digit of a?
5
Let c = -7 - -11. Let b = 6 - c. What is the units digit of (5 - b)*(-4)/(-3)?
4
Let h = -9 - -13. What is the units digit of (-342)/(-21) + h/(-14)?
6
Suppose j - 24 = -7*q + 5*q, -j - q = -29. What is the units digit of j?
4
Let i(f) = f**3 - 4*f**2 - 3*f + 6. Suppose -4*r - 32 = -5*k, -2*r - 20 = -2*k - 6. Let s be i(k). Let x = -1 - s. What is the units digit of x?
5
Let u = 63 - 44. What is the units digit of u?
9
What is the tens digit of 18/(-2*(-2)/(-12)*-2)?
2
Let v(g) = g - 4. Let p be v(6). Suppose -3*m + 17 + 82 = 0. Suppose p*c = -c + m. What is the tens digit of c?
1
Let b = -185 - -313. What is the hundreds digit of b?
1
Suppose 3*s + 160 = 2*p - s, 5*p = -5*s + 370. What is the units digit of p?
6
Let a = -3 + 0. What is the tens digit of ((a - -12) + 1)/1?
1
Let r = -78 - -115. What is the units digit of r?
7
Let d(c) = -c**2 - 4*c - 5. Let f be d(-5). Let m be f/4 - (-4)/(-8). What is the units digit of (1/m)/((-1)/21)?
7
Suppose 4*t - 180 = t. What is the tens digit of t?
6
Suppose 5*s = 5*n, s - 1 - 3 = -n. Let f be (s/4)/((-3)/(-30)). Let w = -4 + f. What is the units digit of w?
1
Suppose 4 = -v - 3*m + 24, -104 = -3*v + 2*m. Suppose 0 = -4*x + v + 20. What is the units digit of x?
3
Let l(o) = o - 2. Suppose -2*z - 3 = 5*g - 5*z, 1 = z. Let t be 3/(g + 3)*6. What is the units digit of l(t)?
4
Let l(b) = -b**3 + 7*b**2 + 2. Let w be l(7). Let x(g) = g**3 + g**2 - 2*g. What is the units digit of x(w)?
8
What is the units digit of ((-28)/21)/((-8)/18)?
3
Let a(t) be the third derivative of -1/2*t**3 + 0 + 1/8*t**4 + t**2 + 0*t. What is the units digit of a(3)?
6
Let g = 335 - 234. What is the tens digit of g?
0
What is the tens digit of (-39)/(-2) - (-5)/(-10)?
1
Let m(p) = -4 - p**3 + 0*p**2 + 4*p**2 + p**2. What is the units digit of m(4)?
2
Let v(a) = 4*a**2 - 2*a - 2. Let b be v(2). Let f = -7 + b. Suppose l + f = 4*l. What is the units digit of l?
1
Let j = 55 - -8. What is the tens digit of j?
6
Suppose -j - 3*m + m - 2 = 0, 4*j + m + 8 = 0. What is the units digit of 2/2 + (-56)/j?
9
What is the units digit of (-1)/(-1)*-1 - -70?
9
Suppose 0 = -n - 3. Let g be (2/(-4) + n)*-6. Suppose -5*j = -2*j - g. What is the units digit of j?
7
Let y(t) = t + 0 + 15*t**2 + 6 - 4. What is the tens digit of y(-1)?
1
Let w(k) = -k**3 - 6*k**2 + 5*k - 10. Let d(h) be the first derivative of h - 3. Let u(y) = 6*d(y) + w(y). What is the units digit of u(-7)?
0
Suppose -3*b = -66 + 12. What is the tens digit of b?
1
Suppose -2*c = -3*c. Let r(z) = -z**2 - z + 13. Let v be r(c). Suppose -2*d + v = -d. What is the tens digit of d?
1
Let s(p) = -42*p + 1. Let v be s(1). Let l = -28 - v. What is the units digit of l?
3
Suppose b - 4*b = -6. Suppose -3*t = -3*a - 3, -a - 3*a = -2*t - b. Suppose a*s = -3*s + 10, 2*s - 52 = -4*m. What is the tens digit of m?
1
Let q(c) = 2*c**2 + c. Let a be q(2). What is the units digit of (0 + -5)*a/(-2)?
5
What is the units digit of -1 + (-287)/(-4) + (-2)/(-8)?
1
Suppose -7*v + 3*v + 480 = 0. What is the tens digit of v?
2
Suppose 0 = -t - 0*t + 4. Suppose -2*s - j = -35, t = s - j - 9. What is the units digit of s?
6
What is the units digit of (-6)/2*(-3 + 2)?
3
What is the tens digit of (-8)/2 - -4 - -44?
4
Let a(x) = x + 6. Suppose 5*y + 2*i - 15 = 0, -4*y + 0*i + 25 = -i. What is the tens digit of a(y)?
1
What is the units digit of (-438)/(-18) + (-2)/(-3)?
5
Let r(u) = u**2 + u + 1. Let j be r(-2). Suppose 3*n + 70 = 6*n + 2*x, -j*n = -x - 55. What is the units digit of n?
0
Suppose 4*o = 5*r + 15, 0 = -o + r + r + 6. Let q = o - -2. Let k(l) = l**2 + 2*l. What is the units digit of k(q)?
8
Let i(y) = -1 + 29*y - 1 - 30*y. What is the units digit of i(-8)?
6
Let b = -79 - -114. What is the units digit of b?
5
Let g = 120 - 2. What is the units digit of g?
8
Let o(u) = 5*u - 2 + 10*u**2 + 0*u**2 - 6*u - u**2. What is the units digit of o(-2)?
6
Suppose 4*p - 5*p = -q - 1, q - 17 = -2*p. Suppose -p*m + 4*m + 6 = 0. What is the units digit of m?
3
Let f(p) = 4*p - 15. What is the tens digit of f(14)?
4
Let i(g) = -g - 3. Let m be i(-7). Suppose 4 = -5*p + 2*a, -m*a + 8 = -p - 2*p. Suppose p = -3*t - 11 + 41. What is the units digit of t?
0
Let n(h) = h**2 + 2*h - 9. What is the tens digit of n(-8)?
3
Suppose 5*n + 55 + 8 = 3*o, -4*n = -3*o + 51. Let p be 48/9*(-6)/4. Let s = p - n. What is the units digit of s?
4
Let t(i) be the third derivative of -i**5/60 + 5*i**4/12 + 5*i**3/6 - i**2. What is the units digit of t(8)?
1
Let f(l) = -l**2 + 7*l + 3. What is the units digit of f(6)?
9
Let h(p) = -5*p + 26. What is the tens digit of h(-31)?
8
Suppose 5*p - 4*p - 69 = 0. What is the units digit of p?
9
Suppose -3*v + 175 = 37. What is the units digit of v?
6
Let l be 2/(6/(-27)) - -1. Let o be (-3)/(-4) - 2/l. What is the units digit of (o/2)/(5/100)?
0
Let p(w) = -w. Let g(x) = x**2 + x + 13. Let z(o) = g(o) + 5*p(o). What is the tens digit of z(6)?
2
Suppose -5*z + 3*c + 104 = 7*c, -3*c + 84 = 4*z. What is the units digit of z?
4
Let f be (2 - 0)*11/(-2). Let c = f + 16. Suppose 72 = c*l - 4*z, 0 = -l + 2*l - 5*z - 6. What is the tens digit of l?
1
Let n = 110 + 2. What is the tens digit of n?
1
Let l(g) = -2*g - 1. Let a be (-6)/9 + 4/(-3). What is the units digit of l(a)?
3
Let v(z) = z**3 - 3*z**2 - 4*z + 3. Let w be v(4). Let c be (-1 + w)*(-5)/(-2). Suppose -5*r - u = u - 22, 0 = -c*r - 5*u + 10. What is the units digit of r?
6
Suppose 0 = 6*x - 9 - 3. Suppose -5*k + 3*g = -13, 3*k - 6 = -x*g - 2. What is the units digit of k?
2
Let r = -12 + 12. Suppose -2*z - 109 - 103 = -5*g, z + 40 = g. Suppose -3*x + 7*x - g = r. What is the tens digit of x?
1
Let k = -1 - -1. Let o(x) = 0*x**3 - 2*x - 4*x**2 + k + 2 + 2*x**3. What is the tens digit of o(3)?
1
Suppose -5*s = -28 - 2. What is the units digit of (129/s)/(6/12)?
3
Let x be -2*3/(-2) - -42. Let u = -166 + 241. Suppose 5*a + 0*s - u = s, 3*a - s = x. What is the tens digit of a?
1
Suppose 2*o + 22 = 3*l + 10, 0 = -3*o - 4*l + 16. Suppose 5*m + 9 - 69 = o. What is the units digit of m?
2
Let c = -37 - -66. What is the units digit of c?
9
Let f(v) = 2*v**3 - 11*v**2 - 6*v + 2. Let w be f(6). Suppose -120 = -3*n - w*x, -3*n = -6*n + 5*x + 99. What is the tens digit of n?
3
Suppose -6*x + 10 = -5*x + 4*r, -r = -2. Suppose 5*n = 8*n - 15. Suppose -d + n*k + 11 = -x*d, 0 = 3*d + k - 23. What is the units digit of d?
9
Let k = 49 - -4. What is the tens digit of k?
5
Let x = -3 + 25. Suppose g - 3*g = -x. What is the tens digit of g?
1
Let t(o) = 3*o**3 - 3*o**2 - 6*o - 3. Let h(r) = -r**2 - 2*r + r**3 + 2*r + 0*r**3 - 1 - 2*r. Let k(d) = -11*h(d) + 4*t(d). What is the units digit of k(3)?
1
Suppose s - 8 = 78. What is the tens digit of s?
8
Suppose -5*r + 332 = 2*y, 442 = 5*y - 2*r - 388. What is the hundreds digit of y?
1
Suppose -2*m - 75 = m. Let g = 15 + m. Let h = 19 + g. What is the units digit of h?
9
Let t(y) = y**3 - 3*y + 79. What is the tens digit of t(0)?
7
Suppose -1 = -2*m + 3. Let g(j) = -2 + 5*j + j**2 - j**2 - j**m. What is the units digit of g(3)?
4
Let a(i